{"id":48958,"date":"2020-04-11T15:14:59","date_gmt":"2020-04-11T18:14:59","guid":{"rendered":"https:\/\/www.dientedelecheart.com\/web2022\/?page_id=3958"},"modified":"2024-07-08T17:11:54","modified_gmt":"2024-07-08T20:11:54","slug":"terminos-condiciones","status":"publish","type":"page","link":"https:\/\/dientedelecheart.com\/web2022\/terminos-condiciones\/","title":{"rendered":"T\u00e9rminos y Condiciones"},"content":{"rendered":"<p>&nbsp;<\/p>\n<h1><span class=\"tlid-translation translation\" lang=\"es\"><strong>T\u00e9rminos y condiciones de uso del sitio<\/strong><\/span><\/h1>\n<h2><span class=\"tlid-translation translation\" lang=\"es\"><strong>Vigente: 01 de abril de 2020<\/strong><\/span><\/h2>\n<p>Lea estos T\u00e9rminos y condiciones de uso del sitio detenidamente antes de utilizar nuestro sitio.<br \/>\nDiente de Leche est\u00e1 haciendo negocios como dientedelecheart.com y posee y opera estos sitios web (\u201cNuestro sitio &#8220;). El acceso y uso de nuestro sitio se rige por estos t\u00e9rminos y condiciones de uso del sitio y los t\u00e9rminos y condiciones de venta. Al usar Nuestro sitio (por ejemplo, para ver o comprar productos), usted expresa su aceptaci\u00f3n y aceptaci\u00f3n de estos T\u00e9rminos y condiciones. Si no est\u00e1 de acuerdo con estos T\u00e9rminos y condiciones, no utilice nuestro sitio.<\/p>\n<h2><span class=\"tlid-translation translation\" lang=\"es\"><strong>T\u00e9rminos de venta y privacidad<\/strong><\/span><\/h2>\n<p>Revise nuestra Pol\u00edtica de privacidad y los T\u00e9rminos y condiciones de venta, que tambi\u00e9n rigen su visita a Nuestro sitio, para comprender nuestras pr\u00e1cticas.<\/p>\n<h2><span class=\"tlid-translation translation\" lang=\"es\"><strong>Comunicaciones electr\u00f3nicas<\/strong><\/span><\/h2>\n<p>Cuando visita nuestro sitio o nos env\u00eda un correo electr\u00f3nico, acepta recibir comunicaciones electr\u00f3nicas de parte nuestra. Nos comunicaremos con usted por correo electr\u00f3nico o publicando avisos en nuestro sitio. Usted acepta que todos los acuerdos, avisos, divulgaciones y otras comunicaciones que le proporcionamos electr\u00f3nicamente satisfacen cualquier requisito legal de que dichas comunicaciones sean por escrito.<\/p>\n<h2><span class=\"tlid-translation translation\" lang=\"es\"><strong>Env\u00edos de ideas<\/strong><\/span><\/h2>\n<p>Diente de Leche alienta a los usuarios de Nuestro sitio a compartir con nosotros sus comentarios, sugerencias, conceptos, observaciones, planes de lecciones e ideas (&#8220;Ideas&#8221;) sobre Nuestro sitio, sus productos y su uso comercial o educativo en general. Sin embargo, al utilizar Nuestro sitio, usted acepta otorgar, a menos que indiquemos lo contrario, un derecho no exclusivo, libre de regal\u00edas, perpetuo, irrevocable y totalmente sublicenciable para usar, reproducir, modificar, adaptar, publicar, traducir, crear trabajos derivados de, distribuir y mostrar tales ideas en todo el mundo en cualquier medio. Usted acepta otorgarle a Diente de Leche el derecho de usar el nombre que env\u00ede en relaci\u00f3n con tales Ideas, si as\u00ed lo decidimos. Usted declara y garantiza que posee o controla todos los derechos de las Ideas que env\u00eda; que las ideas son precisas; que el uso de las Ideas que suministra no viola esta pol\u00edtica y no causar\u00e1 da\u00f1o a ninguna persona o entidad; y que nos indemnizar\u00e1 a Nosotros y\/o Nuestros afiliados por todos los reclamos que resulten de las Ideas que nos proporcione. No se pagar\u00e1 ninguna compensaci\u00f3n por Ideas, ni se supondr\u00e1 compensaci\u00f3n. Su uso de nuestro sitio ser\u00e1 considerado para otorgarle a Ellison los derechos anteriores sobre las ideas.<\/p>\n<h2><span class=\"tlid-translation translation\" lang=\"es\"><strong>Propiedad propietaria<\/strong><\/span><\/h2>\n<p>Reclamamos varios derechos de propiedad intelectual e intelectual sobre los materiales en Nuestro sitio, incluidos, entre otros, los derechos de autor y las marcas comerciales (&#8220;Contenido&#8221;). Ning\u00fan Contenido que poseamos o tengamos licencia de Nuestro Sitio puede ser copiado, reproducido, republicado, cargado, publicado, transmitido, distribuido, revendido o modificado, sin el permiso previo por escrito de Diente de Leche, excepto que puede descargar una copia del Contenido para su personal o uso no comercial. Las copias de cualquier material deben mostrar claramente los avisos de propiedad apropiados. Revise los avisos legales para obtener instrucciones o consultas adicionales sobre el contenido de nuestro sitio.<\/p>\n<h2><span class=\"tlid-translation translation\" lang=\"es\"><strong>Uso no autorizado del sitio<\/strong><\/span><\/h2>\n<p>Diente de Leche proh\u00edbe las siguientes actividades sin la aprobaci\u00f3n previa por escrito de Diente de Leche: vinculaci\u00f3n; enmarcado; usando cualquier robot, ara\u00f1a, otro dispositivo autom\u00e1tico o proceso manual para monitorear o copiar las Ideas o el Contenido de Nuestro Sitio; cualquier otra interferencia con medidas tecnol\u00f3gicas dise\u00f1adas para controlar el acceso al uso de nuestro sitio o sus contenidos; interferir o intentar interferir con el funcionamiento adecuado de nuestro sitio y sus actividades; y tomar cualquier medida que pueda imponer una carga irrazonable o desproporcionadamente grande en la infraestructura t\u00e9cnica de nuestro sitio. P\u00f3ngase en contacto con Diente de Leche para consultas de aprobaci\u00f3n.<\/p>\n<h2><span class=\"tlid-translation translation\" lang=\"es\"><strong>Riesgo de p\u00e9rdida<\/strong><\/span><\/h2>\n<p>Todos los productos comprados a nosotros se fabrican de conformidad con los T\u00e9rminos y condiciones de venta. Esto significa que todos los riesgos de p\u00e9rdida y titularidad de dichos art\u00edculos se le transfieren al momento de nuestra entrega al transportista.<\/p>\n<h2><span class=\"tlid-translation translation\" lang=\"es\"><strong>Redes sociales<\/strong><\/span><\/h2>\n<p>Brindamos experiencias en plataformas de redes sociales como Facebook\u00ae, Twitter\u00ae, Pinterest\u2120, Instagram, Flickr \u2122, WordPress\u00ae y YouTube\u00ae que permiten compartir y colaborar en l\u00ednea entre los usuarios que se han registrado para usarlas. Cualquier contenido que publique, como im\u00e1genes, informaci\u00f3n, opiniones o cualquier informaci\u00f3n personal que ponga a disposici\u00f3n de otros participantes en estas plataformas sociales (&#8220;Contenido generado por el usuario&#8221; o &#8220;UGC&#8221;) est\u00e1 sujeto a los t\u00e9rminos de uso y pol\u00edticas de privacidad de aquellos plataformas Consulte esas plataformas para comprender mejor sus derechos y obligaciones con respecto a dicho contenido.<\/p>\n<h2><span class=\"tlid-translation translation\" lang=\"es\"><strong>Licencia condicional<\/strong><\/span><\/h2>\n<p><span class=\"tlid-translation translation\" lang=\"es\">Diente de Leche alienta a los usuarios de Nuestro sitio a hacer referencia a este Sitio y a los productos de Diente de Leche para desarrollar y mantener cuentas personales en sitios web de redes sociales, como Pinterest, Facebook, Twitter, Blogspot y YouTube (&#8220;Cuentas de redes sociales&#8221;). Para comodidad de los usuarios de Nuestro sitio, Diente de Leche no se opone al uso personal y no comercial de ninguna imagen, logotipo o texto de Diente de Leche disponible en Nuestro sitio (&#8220;Medios del sitio&#8221;) con el prop\u00f3sito de desarrollar y mantener Cuentas de redes sociales para actividades personales, no comerciales. En consecuencia, Diente de Leche otorga a los usuarios de Nuestro sitio una licencia no exclusiva, limitada e intransferible para el uso personal y no comercial de los Medios del sitio, sujeto a revocaci\u00f3n por incumplimiento de cualquiera de las siguientes condiciones:<\/span><\/p>\n<ol>\n<li>Los medios del sitio se utilizar\u00e1n \u00fanicamente con el prop\u00f3sito de desarrollar y mantener cuentas de redes sociales para actividades personales no comerciales; y<\/li>\n<li>Los medios del sitio no se utilizar\u00e1n:\n<ol>\n<li>Para cualquier prop\u00f3sito difamatorio, difamatorio o difamatorio;<\/li>\n<li>Para cualquier actividad ilegal o criminal;<\/li>\n<li>Para cualquier prop\u00f3sito ofensivo o inmoral (incluyendo, por ejemplo, promover, patrocinar o respaldar, de cualquier manera, materiales pornogr\u00e1ficos), que se determinar\u00e1 \u00fanicamente a discreci\u00f3n de <span class=\"tlid-translation translation\" lang=\"es\">Diente de Leche<\/span>; o<\/li>\n<li>Para menospreciar a <span class=\"tlid-translation translation\" lang=\"es\">Diente de Leche<\/span>, sus productos o servicios o nuestro sitio.<\/li>\n<\/ol>\n<\/li>\n<\/ol>\n<p>La revocaci\u00f3n de la licencia entrar\u00e1 en vigencia autom\u00e1ticamente en caso de incumplimiento de las condiciones (1), (2.1) o (2.2). La revocaci\u00f3n de la licencia entrar\u00e1 en vigencia luego de una notificaci\u00f3n por escrito de <span class=\"tlid-translation translation\" lang=\"es\">Diente de Leche<\/span> de que ha identificado un incumplimiento de las condiciones (2.3) o (2.4).<\/p>\n<h2><span class=\"tlid-translation translation\" lang=\"es\"><strong>Renuncias<\/strong><\/span><\/h2>\n<p>Nuestro sitio y todos sus contenidos y servicios son proporcionados por <span class=\"tlid-translation translation\" lang=\"es\">Diente de Leche<\/span> &#8220;tal cual&#8221; sin ninguna garant\u00eda o condici\u00f3n, expresa, impl\u00edcita o legal. Negamos espec\u00edficamente cualquier garant\u00eda impl\u00edcita de t\u00edtulo, comerciabilidad, idoneidad para un prop\u00f3sito particular, no infracci\u00f3n y libertad contra virus u otros componentes da\u00f1inos. <span class=\"tlid-translation translation\" lang=\"es\">Diente de Leche<\/span> no garantiza ni garantiza que el contenido de nuestro sitio sea exacto, actualizado o confiable.<\/p>\n<p>No garantizamos ni hacemos ninguna representaci\u00f3n sobre la sustancia, la calidad, la funcionalidad, la precisi\u00f3n, la idoneidad para un prop\u00f3sito particular, la comercializaci\u00f3n o cualquier otra representaci\u00f3n sobre un sitio de terceros y\/o redes sociales o su contenido. Un enlace a un sitio de terceros y\/o redes sociales en nuestro sitio no constituye patrocinio, respaldo, aprobaci\u00f3n o responsabilidad de ning\u00fan sitio de terceros y\/o redes sociales. No garantizamos ni (1) ning\u00fan producto o servicio ofrecido en ning\u00fan sitio de terceros y\/o redes sociales; y (2) la precisi\u00f3n de cualquier declaraci\u00f3n o reclamo realizado en un sitio de terceros y\/o redes sociales. No somos responsables de ning\u00fan UGC en ning\u00fan sitio de terceros y\/o redes sociales. Las opiniones expresadas pueden no ser nuestras y no respaldamos ninguna opini\u00f3n expresada en ning\u00fan sitio de terceros y\/o redes sociales.<\/p>\n<p>Las condiciones de uso y la pol\u00edtica de privacidad de cualquier sitio de terceros y\/o redes sociales pueden diferir sustancialmente de los t\u00e9rminos y condiciones de uso del sitio y los avisos legales que se aplican a su uso de nuestro sitio. Revise las condiciones de uso de todos los sitios de terceros y\/o redes sociales para obtener m\u00e1s informaci\u00f3n sobre los t\u00e9rminos y condiciones que se aplican a su uso de sitios de terceros. En cualquier caso, no publique informaci\u00f3n confidencial, como n\u00fameros de cuentas bancarias, de seguridad social o de tarjetas de cr\u00e9dito en ning\u00fan sitio de terceros y\/o redes sociales.<\/p>\n<p>Lo anterior no limita ninguna garant\u00eda expresa del fabricante proporcionada con los productos comprados en nuestro sitio. Algunos estados no permiten el descargo de responsabilidad de las garant\u00edas impl\u00edcitas, por lo que el descargo de responsabilidad anterior puede no aplicarse en su caso. Esta garant\u00eda le otorga derechos legales espec\u00edficos y tambi\u00e9n puede tener otros derechos legales que var\u00edan de estado a estado.<\/p>\n<p>Estos T\u00e9rminos y condiciones de uso del sitio est\u00e1n sujetos a cambios sin previo aviso.<\/p>\n<h2><span class=\"tlid-translation translation\" lang=\"es\"><strong>Limitaci\u00f3n de responsabilidad<\/strong><\/span><\/h2>\n<p><span class=\"tlid-translation translation\" lang=\"es\">Diente de Leche<\/span> no ser\u00e1 responsable de ning\u00fan da\u00f1o de ning\u00fan tipo que surja del uso de nuestro sitio, incluidos, entre otros, la p\u00e9rdida de beneficios o cualquier da\u00f1o especial, incidental, indirecto, consecuente o de dependencia que surja de nuestro sitio o en relaci\u00f3n con este. servicios o este acuerdo, bajo cualquier teor\u00eda legal, incluso si se nos ha informado de la posibilidad de tales da\u00f1os y no obstante el incumplimiento de los prop\u00f3sitos esenciales de cualquier recurso limitado. Por la presente, reconoce que este p\u00e1rrafo se aplica a todo el contenido, productos y servicios disponibles a trav\u00e9s de Nuestro sitio. Algunos estados no permiten la exclusi\u00f3n o limitaci\u00f3n de da\u00f1os incidentales o consecuentes, por lo que la limitaci\u00f3n o exclusi\u00f3n anterior puede no aplicarse en su caso. Su uso de nuestro sitio ser\u00e1 considerado para esta limitaci\u00f3n de responsabilidad.<\/p>\n<h2><span class=\"tlid-translation translation\" lang=\"es\"><strong>Divisibilidad<\/strong><\/span><\/h2>\n<p>Si alguna de estas condiciones se considera inv\u00e1lida, nula o por cualquier raz\u00f3n inaplicable, esa condici\u00f3n se considerar\u00e1 separable y no afectar\u00e1 la validez y aplicabilidad de cualquier condici\u00f3n restante.<\/p>\n<h2><span class=\"tlid-translation translation\" lang=\"es\"><strong>Disputas<\/strong><\/span><\/h2>\n<p>Cualquier disputa relacionada de alguna manera con su visita a Nuestro Sitio o con los productos que compre a trav\u00e9s de Diente de Leche se someter\u00e1 a arbitraje en Montevideo, Uruguay, excepto que, en la medida en que haya violado o amenazado con violar los derechos de propiedad intelectual de Diente de Leche. , Diente de Leche puede solicitar una orden judicial u otra reparaci\u00f3n adecuada en cualquier tribunal de Montevideo, y usted acepta la jurisdicci\u00f3n exclusiva y la jurisdicci\u00f3n de dichos tribunales. El arbitraje bajo este acuerdo se llevar\u00e1 a cabo bajo las reglas vigentes del Servicio Judicial, de Arbitraje y Mediaci\u00f3n. El laudo arbitral ser\u00e1 vinculante y podr\u00e1 presentarse como sentencia en cualquier tribunal de jurisdicci\u00f3n competente. En la mayor medida permitida por la ley aplicable, ning\u00fan arbitraje bajo este Acuerdo se unir\u00e1 a un arbitraje que involucre a cualquier otra parte sujeta a este Acuerdo, ya sea a trav\u00e9s de procedimientos de arbitraje colectivo o de otra manera.<\/p>\n<h2><span class=\"tlid-translation translation\" lang=\"es\"><strong>Ley aplicable<\/strong><\/span><\/h2>\n<p>Dientedelecheart.com es creado, propiedad y controlado por Diente de Leche, en el departamento de Montevideo, Uruguay. Como tal, las leyes del departamento de Montevideo regir\u00e1n estos descargos de responsabilidad, t\u00e9rminos y condiciones, o cualquier disputa relacionada con nuestro sitio sin dar efecto a ning\u00fan principio de conflicto de leyes. Adem\u00e1s, cualquier contrato del Sitio fue creado y se est\u00e1 ejecutando en el departamento de Montevideo.<\/p>\n","protected":false},"excerpt":{"rendered":"<p>&nbsp; T\u00e9rminos y condiciones de uso del sitio Vigente: 01 de abril de 2020 Lea estos T\u00e9rminos y condiciones de uso del sitio detenidamente antes de utilizar nuestro sitio. Diente de Leche est\u00e1 haciendo negocios como dientedelecheart.com y posee y opera estos sitios web (\u201cNuestro sitio &#8220;). El acceso y uso de nuestro sitio se &#8230;<a class=\"r_more_blog\" href=\"https:\/\/dientedelecheart.com\/web2022\/terminos-condiciones\/#more-48958\"><i class=\"fa fa-sign-in\"><\/i> read more<\/a><\/p>\n","protected":false},"author":1,"featured_media":0,"parent":0,"menu_order":0,"comment_status":"closed","ping_status":"closed","template":"","meta":{"footnotes":""},"class_list":["post-48958","page","type-page","status-publish","hentry"],"yoast_head":"<!-- This site is optimized with the Yoast SEO Premium plugin v25.2 (Yoast SEO v25.2) - https:\/\/yoast.com\/wordpress\/plugins\/seo\/ -->\n<title>T\u00e9rminos y Condiciones - Diente de Leche Art<\/title>\n<meta name=\"robots\" content=\"index, follow, max-snippet:-1, max-image-preview:large, max-video-preview:-1\" \/>\n<link rel=\"canonical\" href=\"https:\/\/dientedelecheart.com\/web2022\/terminos-condiciones\/\" \/>\n<meta property=\"og:locale\" content=\"es_ES\" \/>\n<meta property=\"og:type\" content=\"article\" \/>\n<meta property=\"og:title\" content=\"T\u00e9rminos y Condiciones\" \/>\n<meta property=\"og:description\" content=\"&nbsp; T\u00e9rminos y condiciones de uso del sitio Vigente: 01 de abril de 2020 Lea estos T\u00e9rminos y condiciones de uso del sitio detenidamente antes de utilizar nuestro sitio. Diente de Leche est\u00e1 haciendo negocios como dientedelecheart.com y posee y opera estos sitios web (\u201cNuestro sitio &#8220;). El acceso y uso de nuestro sitio se ... read more\" \/>\n<meta property=\"og:url\" content=\"https:\/\/dientedelecheart.com\/web2022\/terminos-condiciones\/\" \/>\n<meta property=\"og:site_name\" content=\"Diente de Leche Art\" \/>\n<meta property=\"article:modified_time\" content=\"2024-07-08T20:11:54+00:00\" \/>\n<meta property=\"og:image\" content=\"https:\/\/i0.wp.com\/dientedelecheart.com\/web2022\/wp-content\/uploads\/2022\/04\/logo3.png?fit=650%2C372&ssl=1\" \/>\n\t<meta property=\"og:image:width\" content=\"650\" \/>\n\t<meta property=\"og:image:height\" content=\"372\" \/>\n\t<meta property=\"og:image:type\" content=\"image\/png\" \/>\n<meta name=\"twitter:card\" content=\"summary_large_image\" \/>\n<meta name=\"twitter:label1\" content=\"Est. reading time\" \/>\n\t<meta name=\"twitter:data1\" content=\"10 minutos\" \/>\n<script type=\"application\/ld+json\" class=\"yoast-schema-graph\">{\"@context\":\"https:\/\/schema.org\",\"@graph\":[{\"@type\":\"WebPage\",\"@id\":\"https:\/\/dientedelecheart.com\/web2022\/terminos-condiciones\/\",\"url\":\"https:\/\/dientedelecheart.com\/web2022\/terminos-condiciones\/\",\"name\":\"T\u00e9rminos y Condiciones - Diente de Leche Art\",\"isPartOf\":{\"@id\":\"https:\/\/dientedelecheart.com\/web2022\/#website\"},\"datePublished\":\"2020-04-11T18:14:59+00:00\",\"dateModified\":\"2024-07-08T20:11:54+00:00\",\"breadcrumb\":{\"@id\":\"https:\/\/dientedelecheart.com\/web2022\/terminos-condiciones\/#breadcrumb\"},\"inLanguage\":\"es-UY\",\"potentialAction\":[{\"@type\":\"ReadAction\",\"target\":[\"https:\/\/dientedelecheart.com\/web2022\/terminos-condiciones\/\"]}]},{\"@type\":\"BreadcrumbList\",\"@id\":\"https:\/\/dientedelecheart.com\/web2022\/terminos-condiciones\/#breadcrumb\",\"itemListElement\":[{\"@type\":\"ListItem\",\"position\":1,\"name\":\"Home\",\"item\":\"https:\/\/dientedelecheart.com\/web2022\/\"},{\"@type\":\"ListItem\",\"position\":2,\"name\":\"T\u00e9rminos y Condiciones\"}]},{\"@type\":\"WebSite\",\"@id\":\"https:\/\/dientedelecheart.com\/web2022\/#website\",\"url\":\"https:\/\/dientedelecheart.com\/web2022\/\",\"name\":\"Diente de Leche Art\",\"description\":\"Diente de Leche Art\",\"publisher\":{\"@id\":\"https:\/\/dientedelecheart.com\/web2022\/#organization\"},\"potentialAction\":[{\"@type\":\"SearchAction\",\"target\":{\"@type\":\"EntryPoint\",\"urlTemplate\":\"https:\/\/dientedelecheart.com\/web2022\/?s={search_term_string}\"},\"query-input\":{\"@type\":\"PropertyValueSpecification\",\"valueRequired\":true,\"valueName\":\"search_term_string\"}}],\"inLanguage\":\"es-UY\"},{\"@type\":\"Organization\",\"@id\":\"https:\/\/dientedelecheart.com\/web2022\/#organization\",\"name\":\"Diente de Leche Art\",\"url\":\"https:\/\/dientedelecheart.com\/web2022\/\",\"logo\":{\"@type\":\"ImageObject\",\"inLanguage\":\"es-UY\",\"@id\":\"https:\/\/dientedelecheart.com\/web2022\/#\/schema\/logo\/image\/\",\"url\":\"https:\/\/i0.wp.com\/www.dientedelecheart.com\/web2022\/wp-content\/uploads\/2022\/04\/icono.png?fit=72%2C72&ssl=1\",\"contentUrl\":\"https:\/\/i0.wp.com\/www.dientedelecheart.com\/web2022\/wp-content\/uploads\/2022\/04\/icono.png?fit=72%2C72&ssl=1\",\"width\":72,\"height\":72,\"caption\":\"Diente de Leche Art\"},\"image\":{\"@id\":\"https:\/\/dientedelecheart.com\/web2022\/#\/schema\/logo\/image\/\"},\"sameAs\":[\"https:\/\/www.instagram.com\/dientedelecheart\/\"],\"email\":\"infodientedelecheart@gmail.com\",\"telephone\":\"+598 94 303 921\",\"legalName\":\"Diente de Leche Art\"}]}<\/script>\n<!-- \/ Yoast SEO Premium plugin. -->","yoast_head_json":{"title":"T\u00e9rminos y Condiciones - Diente de Leche Art","robots":{"index":"index","follow":"follow","max-snippet":"max-snippet:-1","max-image-preview":"max-image-preview:large","max-video-preview":"max-video-preview:-1"},"canonical":"https:\/\/dientedelecheart.com\/web2022\/terminos-condiciones\/","og_locale":"es_ES","og_type":"article","og_title":"T\u00e9rminos y Condiciones","og_description":"&nbsp; T\u00e9rminos y condiciones de uso del sitio Vigente: 01 de abril de 2020 Lea estos T\u00e9rminos y condiciones de uso del sitio detenidamente antes de utilizar nuestro sitio. Diente de Leche est\u00e1 haciendo negocios como dientedelecheart.com y posee y opera estos sitios web (\u201cNuestro sitio &#8220;). El acceso y uso de nuestro sitio se ... read more","og_url":"https:\/\/dientedelecheart.com\/web2022\/terminos-condiciones\/","og_site_name":"Diente de Leche Art","article_modified_time":"2024-07-08T20:11:54+00:00","og_image":[{"width":650,"height":372,"url":"https:\/\/i0.wp.com\/dientedelecheart.com\/web2022\/wp-content\/uploads\/2022\/04\/logo3.png?fit=650%2C372&ssl=1","type":"image\/png"}],"twitter_card":"summary_large_image","twitter_misc":{"Est. reading time":"10 minutos"},"schema":{"@context":"https:\/\/schema.org","@graph":[{"@type":"WebPage","@id":"https:\/\/dientedelecheart.com\/web2022\/terminos-condiciones\/","url":"https:\/\/dientedelecheart.com\/web2022\/terminos-condiciones\/","name":"T\u00e9rminos y Condiciones - Diente de Leche Art","isPartOf":{"@id":"https:\/\/dientedelecheart.com\/web2022\/#website"},"datePublished":"2020-04-11T18:14:59+00:00","dateModified":"2024-07-08T20:11:54+00:00","breadcrumb":{"@id":"https:\/\/dientedelecheart.com\/web2022\/terminos-condiciones\/#breadcrumb"},"inLanguage":"es-UY","potentialAction":[{"@type":"ReadAction","target":["https:\/\/dientedelecheart.com\/web2022\/terminos-condiciones\/"]}]},{"@type":"BreadcrumbList","@id":"https:\/\/dientedelecheart.com\/web2022\/terminos-condiciones\/#breadcrumb","itemListElement":[{"@type":"ListItem","position":1,"name":"Home","item":"https:\/\/dientedelecheart.com\/web2022\/"},{"@type":"ListItem","position":2,"name":"T\u00e9rminos y Condiciones"}]},{"@type":"WebSite","@id":"https:\/\/dientedelecheart.com\/web2022\/#website","url":"https:\/\/dientedelecheart.com\/web2022\/","name":"Diente de Leche Art","description":"Diente de Leche Art","publisher":{"@id":"https:\/\/dientedelecheart.com\/web2022\/#organization"},"potentialAction":[{"@type":"SearchAction","target":{"@type":"EntryPoint","urlTemplate":"https:\/\/dientedelecheart.com\/web2022\/?s={search_term_string}"},"query-input":{"@type":"PropertyValueSpecification","valueRequired":true,"valueName":"search_term_string"}}],"inLanguage":"es-UY"},{"@type":"Organization","@id":"https:\/\/dientedelecheart.com\/web2022\/#organization","name":"Diente de Leche Art","url":"https:\/\/dientedelecheart.com\/web2022\/","logo":{"@type":"ImageObject","inLanguage":"es-UY","@id":"https:\/\/dientedelecheart.com\/web2022\/#\/schema\/logo\/image\/","url":"https:\/\/i0.wp.com\/www.dientedelecheart.com\/web2022\/wp-content\/uploads\/2022\/04\/icono.png?fit=72%2C72&ssl=1","contentUrl":"https:\/\/i0.wp.com\/www.dientedelecheart.com\/web2022\/wp-content\/uploads\/2022\/04\/icono.png?fit=72%2C72&ssl=1","width":72,"height":72,"caption":"Diente de Leche Art"},"image":{"@id":"https:\/\/dientedelecheart.com\/web2022\/#\/schema\/logo\/image\/"},"sameAs":["https:\/\/www.instagram.com\/dientedelecheart\/"],"email":"infodientedelecheart@gmail.com","telephone":"+598 94 303 921","legalName":"Diente de Leche Art"}]}},"jetpack_sharing_enabled":true,"_links":{"self":[{"href":"https:\/\/dientedelecheart.com\/web2022\/wp-json\/wp\/v2\/pages\/48958","targetHints":{"allow":["GET"]}}],"collection":[{"href":"https:\/\/dientedelecheart.com\/web2022\/wp-json\/wp\/v2\/pages"}],"about":[{"href":"https:\/\/dientedelecheart.com\/web2022\/wp-json\/wp\/v2\/types\/page"}],"author":[{"embeddable":true,"href":"https:\/\/dientedelecheart.com\/web2022\/wp-json\/wp\/v2\/users\/1"}],"replies":[{"embeddable":true,"href":"https:\/\/dientedelecheart.com\/web2022\/wp-json\/wp\/v2\/comments?post=48958"}],"version-history":[{"count":0,"href":"https:\/\/dientedelecheart.com\/web2022\/wp-json\/wp\/v2\/pages\/48958\/revisions"}],"wp:attachment":[{"href":"https:\/\/dientedelecheart.com\/web2022\/wp-json\/wp\/v2\/media?parent=48958"}],"curies":[{"name":"wp","href":"https:\/\/api.w.org\/{rel}","templated":true}]}}